ainder when 159 is divided by 27.
24
What is the remainder when 74 is divided by 19?
17
What is the remainder when 459 is divided by 224?
11
Calculate the remainder when 101 is divided by 54.
47
What is the remainder when 405 is divided by 208?
197
Calculate the remainder when 165 is divided by 61.
43
Calculate the remainder when 4003 is divided by 308.
307
Calculate the remainder when 25640 is divided by 99.
98
Calculate the remainder when 47 is divided by 11.
3
What is the remainder when 1402 is divided by 13?
11
What is the remainder when 4054 is divided by 140?
134
Calculate the remainder when 136 is divided by 29.
20
What is the remainder when 8842 is divided by 134?
132
Calculate the remainder when 2990 is divided by 187.
185
What is the remainder when 320 is divided by 109?
102
What is the remainder when 6232 is divided by 156?
148
What is the remainder when 2732 is divided by 161?
156
Calculate the remainder when 211 is divided by 61.
28
What is the remainder when 490 is divided by 4?
2
What is the remainder when 118 is divided by 21?
13
Calculate the remainder when 1150 is divided by 36.
34
Calculate the remainder when 87 is divided by 10.
7
Calculate the remainder when 725 is divided by 99.
32
Calculate the remainder when 4288 is divided by 11.
9
What is the remainder when 221 is divided by 58?
47
Calculate the remainder when 4233 is divided by 4.
1
What is the remainder when 89 is divided by 29?
2
Calculate the remainder when 596 is divided by 7.
1
Calculate the remainder when 558 is divided by 56.
54
Calculate the remainder when 402 is divided by 126.
24
Calculate the remainder when 257 is divided by 87.
83
Calculate the remainder when 812 is divided by 48.
44
Calculate the remainder when 24 is divided by 8.
0
Calculate the remainder when 25840 is divided by 12914.
12
Calculate the remainder when 556 is divided by 31.
29
What is the remainder when 134 is divided by 80?
54
Calculate the remainder when 3055 is divided by 11.
8
Calculate the remainder when 67 is divided by 15.
7
Calculate the remainder when 947 is divided by 275.
122
What is the remainder when 879 is divided by 20?
19
What is the remainder when 475 is divided by 34?
33
What is the remainder when 1743 is divided by 562?
57
Calculate the remainder when 1274 is divided by 363.
185
Calculate the remainder when 32 is divided by 19.
13
What is the remainder when 253 is divided by 30?
13
What is the remainder when 2063 is divided by 681?
20
Calculate the remainder when 1179 is divided by 8.
3
What is the remainder when 281 is divided by 41?
35
Calculate the remainder when 590 is divided by 58.
10
What is the remainder when 120 is divided by 32?
24
What is the remainder when 347 is divided by 68?
7
What is the remainder when 694 is divided by 115?
4
What is the remainder when 438 is divided by 183?
72
What is the remainder when 87 is divided by 81?
6
Calculate the remainder when 1050 is divided by 23.
15
Calculate the remainder when 889 is divided by 10.
9
Calculate the remainder when 2287 is divided by 2238.
49
What is the remainder when 57 is divided by 48?
9
Calculate the remainder when 155 is divided by 78.
77
Calculate the remainder when 944 is divided by 86.
84
Calculate the remainder when 1281 is divided by 259.
245
What is the remainder when 280 is divided by 32?
24
What is the remainder when 249 is divided by 87?
75
What is the remainder when 978 is divided by 483?
12
What is the remainder when 1181 is divided by 4?
1
What is the remainder when 352 is divided by 117?
1
Calculate the remainder when 1160 is divided by 25.
10
What is the remainder when 259 is divided by 122?
15
Calculate the remainder when 32281 is divided by 17.
15
What is the remainder when 1806 is divided by 6?
0
Calculate the remainder when 6568 is divided by 90.
88
Calculate the remainder when 2003 is divided by 28.
15
Calculate the remainder when 575 is divided by 107.
40
Calculate the remainder when 563 is divided by 28.
3
Calculate the remainder when 519 is divided by 105.
99
Calculate the remainder when 259 is divided by 90.
79
What is the remainder when 288 is divided by 122?
44
Calculate the remainder when 192 is divided by 61.
9
Calculate the remainder when 480 is divided by 86.
50
Calculate the remainder when 642 is divided by 313.
16
Calculate the remainder when 2352 is divided by 62.
58
What is the remainder when 718 is divided by 5?
3
Calculate the remainder when 161 is divided by 56.
49
Calculate the remainder when 128 is divided by 14.
2
What is the remainder when 12680 is divided by 14?
10
Calculate the remainder when 524 is divided by 88.
84
Calculate the remainder when 782 is divided by 20.
2
Calculate the remainder when 17882 is divided by 49.
46
What is the remainder when 510 is divided by 31?
14
Calculate the remainder when 627 is divided by 3.
0
Calculate the remainder when 24748 is divided by 11.
9
What is the remainder when 376 is divided by 100?
76
What is the remainder when 345 is divided by 80?
25
Calculate the remainder when 681 is divided by 69.
60
Calculate the remainder when 220 is divided by 38.
30
What is the remainder when 24 is divided by 9?
6
Calculate the remainder when 3267 is divided by 39.
30
Calculate the remainder when 490 is divided by 12.
10
What is the remainder when 821 is divided by 404?
13
Calculate the remainder when 174 is divided by 136.
38
Calculate the remainder when 225 is divided by 219.
6
What is the remainder when 179 is divided by 87?
5
What is the remainder when 536 is divided by 273?
263
What is the remainder when 1863 is divided by 617?
12
What is the remainder when 1002 is divided by 144?
138
What is the remainder when 125 is divided by 57?
11
What is the remainder when 268 is divided by 69?
61
What is the remainder when 315 is divided by 20?
15
Calculate the remainder when 958 is divided by 48.
46
Calculate the remainder when 310 is divided by 24.
22
Calculate the remainder when 364 is divided by 124.
116
What is the remainder when 49 is divided by 13?
10
What is the remainder when 135 is divided by 34?
33
Calculate the remainder when 19990 is divided by 136.
134
Calculate the remainder when 76 is divided by 51.
25
What is the remainder when 356 is divided by 17?
16
Calculate the remainder when 3199 is divided by 1588.
23
What is the remainder when 7772 is divided by 5?
2
Calculate the remainder when 36533 is divided by 8.
5
What is the remainder when 867 is divided by 11?
9
Calculate the remainder when 2170 is divided by 1079.
12
Calculate the remainder when 648 is divided by 179.
111
Calculate the remainder when 67 is divided by 26.
15
What is the remainder when 395 is divided by 59?
41
Calculate the remainder when 207 is divided by 5.
2
What is the remainder when 236 is divided by 20?
16
What is the remainder when 69 is divided by 50?
19
What is the remainder when 32 is divided by 19?
13
Calculate the remainder when 407 is divided by 289.
118
Calculate the remainder when 618 is divided by 152.
10
What is the remainder when 1221 is divided by 337?
210
What is the remainder when 797 is divided by 103?
76
What is the remainder when 1104 is divided by 17?
16
What is the remainder when 117 is divided by 42?
33
What is the remainder when 253 is divided by 234?
19
What is the remainder when 219 is divided by 116?
103
Calculate the remainder when 3386 is divided by 36.
2
Calculate the remainder when 290 is divided by 208.
82
What is the remainder when 140 is divided by 89?
51
What is the remainder when 234 is divided by 61?
51
Calculate the remainder when 226 is divided by 33.
28
Calculate the remainder when 54 is divided by 12.
6
What is the remainder when 31 is divided by 8?
7
What is the remainder when 89 is divided by 32?
25
What is the remainder when 703 is divided by 104?
79
What is the remainder when 1420 is divided by 705?
10
What is the remainder when 70 is divided by 15?
10
What is the remainder when 212 is divided by 24?
20
What is the remainder when 120 is divided by 37?
9
What is the remainder when 8484 is divided by 207?
204
What is the remainder when 156 is divided by 53?
50
What is the remainder when 678 is divided by 12?
6
Calculate the remainder when 98 is divided by 26.
20
Calculate the remainder when 120 is divided by 